{"id":907,"date":"2021-11-10T11:07:55","date_gmt":"2021-11-10T10:07:55","guid":{"rendered":"https:\/\/icon.kiobus.org\/social-huma\/?page_id=907"},"modified":"2026-03-19T20:08:13","modified_gmt":"2026-03-19T19:08:13","slug":"certificacion","status":"publish","type":"page","link":"https:\/\/icon.kiobus.org\/social-huma\/certificacion\/","title":{"rendered":"Certificaci\u00f3n"},"content":{"rendered":"<p>[et_pb_section fb_built=\u00bb1&#8243; _builder_version=\u00bb4.16&#8243; custom_margin=\u00bb0px||0px||false|false\u00bb custom_padding=\u00bb0px||0px||false|false\u00bb collapsed=\u00bboff\u00bb global_colors_info=\u00bb{}\u00bb][et_pb_row _builder_version=\u00bb4.16&#8243; global_colors_info=\u00bb{}\u00bb][et_pb_column type=\u00bb4_4&#8243; _builder_version=\u00bb4.16&#8243; global_colors_info=\u00bb{}\u00bb][et_pb_text _builder_version=\u00bb4.23.3&#8243; hover_enabled=\u00bb0&#8243; global_colors_info=\u00bb{}\u00bb sticky_enabled=\u00bb0&#8243;]<\/p>\n<h4><span style=\"color: #000000;\">CARACTER\u00cdSTICAS DE LAS CERTIFICACIONES:<\/span><strong><\/strong><\/h4>\n<ol>\n<li style=\"list-style-type: none;\">\n<ol>\n<li>El t\u00edtulo del Congreso que constar\u00e1 en el certificado es<strong> \u00ab5th International Congress: Social Sciences, Humanities and Knowledge\u00bb (ICON-social\u00b7huma 2026)<\/strong>.<\/li>\n<li>El idioma de los certificados ser\u00e1 espa\u00f1ol, ingl\u00e9s o catal\u00e1n.<\/li>\n<li><span>Se expedir\u00e1 certificado individual a cada coautor\/a.<\/span><\/li>\n<\/ol>\n<\/li>\n<\/ol>\n<h4><strong>TIPOS DE CERTIFICACIONES:<\/strong><\/h4>\n<p><strong>1. Certificado de asistencia<\/strong>:<\/p>\n<p>Se expedir\u00e1 certificaci\u00f3n de asistencia de 30 horas para cada participante<em>.<\/em><\/p>\n<p>Este certificado se otorgar\u00e1 a todos los participantes, siempre que se cumpla el siguiente <strong>requisito<\/strong>: haber abonado el importe de la matr\u00edcula en tiempo y forma.<\/p>\n<p>&nbsp;<\/p>\n<p class=\"aviso\"><strong>2. Certificado de presentaci\u00f3n de comunicaci\u00f3n oral, p\u00f3ster, simposio invitado, ponencia invitada I+D+i o panel invitado de expertos\/as<\/strong>:<\/p>\n<p>Se expedir\u00e1 certificaci\u00f3n de forma individual a cada uno de los autores, seg\u00fan el caso.<\/p>\n<p><span>En el caso de <strong>simposio invitado<\/strong>, la certificaci\u00f3n que se emitir\u00e1 ser\u00e1 de \u00abautor de la ponencia X dentro del simposio invitado X\u00bb o de \u00abcoordinador\/a en el simposio invitado X\u00bb, seg\u00fan el caso.<\/span><\/p>\n<p><span>En el caso de<strong> ponencia invitada I+D+i<\/strong>, la certificaci\u00f3n que se emitir\u00e1 ser\u00e1 de \u00abautor de la ponencia invitada X\u00bb.\u00a0<\/span><\/p>\n<p><span>En el caso de<strong> panel invitado de expertos\/as<\/strong>, la certificaci\u00f3n que se emitir\u00e1 ser\u00e1 de \u00abautor de la ponencia en panel invitado de expertos\/as X\u00bb.\u00a0<\/span><\/p>\n<p>Estos certificados se otorgar\u00e1n siempre que se cumplan los siguientes <strong>requisitos<\/strong>:<\/p>\n<ol>\n<li style=\"list-style-type: none;\">\n<ol>\n<li>Haber abonado todos los autores\/as el importe de la matr\u00edcula en tiempo y forma.<\/li>\n<li>Haber cumplido todas las instrucciones y normas en tiempo y forma.<\/li>\n<li>Remitir el material para la presentaci\u00f3n en tiempo y forma y responder en el foro de la plataforma del congreso a las preguntas e intervenciones del resto de participantes a la aportaci\u00f3n presentada.\u00a0<\/li>\n<\/ol>\n<\/li>\n<\/ol>\n<p><strong>3. Otros certificados:<\/strong><\/p>\n<p>Si se requiere, se podr\u00e1 emitir por parte del Comit\u00e9 Organizador certificado de aceptaci\u00f3n de comunicaci\u00f3n oral\/p\u00f3ster\/simposio invitado\/ponencia invitada I+D+i\/panel invitado de expertos\/as y de aceptaci\u00f3n de cap\u00edtulo de libro.<\/p>\n<p>&nbsp;<\/p>\n<h4><strong>CU\u00c1NDO Y D\u00d3NDE OBTENER LAS CERTIFICACIONES:<\/strong><\/h4>\n<ol>\n<li style=\"list-style-type: none;\">\n<ol>\n<li>El acceso a las certificaciones de ICON se encontrar\u00e1 disponible al finalizar el congreso y revisados los requisitos de los participantes. En el momento que est\u00e9 activo este acceso, se avisar\u00e1 por e-mail a los participantes y podr\u00e1n descargarse los certificados correspondientes desde la plataforma del congreso.<\/li>\n<li>Es responsabilidad de todos los participantes que se cumplan todos los requisitos. En caso de contrario, no se tendr\u00e1 derecho a obtener certificados y estos no se expedir\u00e1n.<\/li>\n<li>Los datos que cada participante incluya en el formulario de inscripci\u00f3n ser\u00e1n los que figuren en los certificados. No se realizar\u00e1n cambios que impliquen modificaciones en el nombre o t\u00edtulo de la aportaci\u00f3n.<\/li>\n<li>Habr\u00e1 un plazo m\u00e1ximo de quince d\u00edas desde la\u00a0 comunicaci\u00f3n por e-mail de la obtenci\u00f3n de los certificados. A partir de esa fecha ya no podr\u00e1 obtenerse ning\u00fan certificado.<\/li>\n<li>Las certificaciones ser\u00e1n documentos acreditativos de \u00abHacer constar\u00bb emitidos por la direcci\u00f3n del Congreso y constar\u00e1 la Universidad de Alicante como organizadora, junto al resto de colaboradores. La modalidad \u00ab<span>Inscripciones cr\u00e9ditos ECTS, oposiciones, concursos\u00bb tiene certificado oficial UA.<\/span><\/li>\n<\/ol>\n<\/li>\n<\/ol>\n<p>[\/et_pb_text][\/et_pb_column][\/et_pb_row][\/et_pb_section]<\/p>\n","protected":false},"excerpt":{"rendered":"<p>CARACTER\u00cdSTICAS DE LAS CERTIFICACIONES: El t\u00edtulo del Congreso que constar\u00e1 en el certificado es \u00ab5th International Congress: Social Sciences, Humanities and Knowledge\u00bb (ICON-social\u00b7huma 2026). El idioma de los certificados ser\u00e1 espa\u00f1ol, ingl\u00e9s o catal\u00e1n. Se expedir\u00e1 certificado individual a cada coautor\/a. TIPOS DE CERTIFICACIONES: 1. Certificado de asistencia: Se expedir\u00e1 certificaci\u00f3n de asistencia de 30 [&hellip;]<\/p>\n","protected":false},"author":1,"featured_media":0,"parent":0,"menu_order":0,"comment_status":"closed","ping_status":"closed","template":"","meta":{"_et_pb_use_builder":"on","_et_pb_old_content":"","_et_gb_content_width":"","_mc_calendar":[],"footnotes":""},"class_list":["post-907","page","type-page","status-publish","hentry"],"yoast_head":"<!-- This site is optimized with the Yoast SEO plugin v27.3 - https:\/\/yoast.com\/product\/yoast-seo-wordpress\/ -->\n<title>Certificaci\u00f3n - ICON social\u00b7huma 2026<\/title>\n<meta name=\"robots\" content=\"index, follow, max-snippet:-1, max-image-preview:large, max-video-preview:-1\" \/>\n<link rel=\"canonical\" href=\"https:\/\/icon.kiobus.org\/social-huma\/certificacion\/\" \/>\n<meta property=\"og:locale\" content=\"es_ES\" \/>\n<meta property=\"og:type\" content=\"article\" \/>\n<meta property=\"og:title\" content=\"Certificaci\u00f3n - ICON social\u00b7huma 2026\" \/>\n<meta property=\"og:description\" content=\"CARACTER\u00cdSTICAS DE LAS CERTIFICACIONES: El t\u00edtulo del Congreso que constar\u00e1 en el certificado es &quot;5th International Congress: Social Sciences, Humanities and Knowledge&quot; (ICON-social\u00b7huma 2026). El idioma de los certificados ser\u00e1 espa\u00f1ol, ingl\u00e9s o catal\u00e1n. Se expedir\u00e1 certificado individual a cada coautor\/a. TIPOS DE CERTIFICACIONES: 1. Certificado de asistencia: Se expedir\u00e1 certificaci\u00f3n de asistencia de 30 [&hellip;]\" \/>\n<meta property=\"og:url\" content=\"https:\/\/icon.kiobus.org\/social-huma\/certificacion\/\" \/>\n<meta property=\"og:site_name\" content=\"ICON social\u00b7huma 2026\" \/>\n<meta property=\"article:publisher\" content=\"https:\/\/www.facebook.com\/ICON-Congress-100571919228676\" \/>\n<meta property=\"article:modified_time\" content=\"2026-03-19T19:08:13+00:00\" \/>\n<meta property=\"og:image\" content=\"https:\/\/icon.kiobus.org\/social-huma\/wp-content\/uploads\/2025\/10\/icon-edu_26.webp\" \/>\n\t<meta property=\"og:image:width\" content=\"500\" \/>\n\t<meta property=\"og:image:height\" content=\"500\" \/>\n\t<meta property=\"og:image:type\" content=\"image\/webp\" \/>\n<meta name=\"twitter:card\" content=\"summary_large_image\" \/>\n<meta name=\"twitter:site\" content=\"@iconcongress\" \/>\n<meta name=\"twitter:label1\" content=\"Tiempo de lectura\" \/>\n\t<meta name=\"twitter:data1\" content=\"3 minutos\" \/>\n<script type=\"application\/ld+json\" class=\"yoast-schema-graph\">{\"@context\":\"https:\\\/\\\/schema.org\",\"@graph\":[{\"@type\":\"WebPage\",\"@id\":\"https:\\\/\\\/icon.kiobus.org\\\/social-huma\\\/certificacion\\\/\",\"url\":\"https:\\\/\\\/icon.kiobus.org\\\/social-huma\\\/certificacion\\\/\",\"name\":\"Certificaci\u00f3n - ICON social\u00b7huma 2026\",\"isPartOf\":{\"@id\":\"https:\\\/\\\/icon.kiobus.org\\\/social-huma\\\/#website\"},\"datePublished\":\"2021-11-10T10:07:55+00:00\",\"dateModified\":\"2026-03-19T19:08:13+00:00\",\"breadcrumb\":{\"@id\":\"https:\\\/\\\/icon.kiobus.org\\\/social-huma\\\/certificacion\\\/#breadcrumb\"},\"inLanguage\":\"es\",\"potentialAction\":[{\"@type\":\"ReadAction\",\"target\":[\"https:\\\/\\\/icon.kiobus.org\\\/social-huma\\\/certificacion\\\/\"]}]},{\"@type\":\"BreadcrumbList\",\"@id\":\"https:\\\/\\\/icon.kiobus.org\\\/social-huma\\\/certificacion\\\/#breadcrumb\",\"itemListElement\":[{\"@type\":\"ListItem\",\"position\":1,\"name\":\"Portada\",\"item\":\"https:\\\/\\\/icon.kiobus.org\\\/social-huma\\\/\"},{\"@type\":\"ListItem\",\"position\":2,\"name\":\"Certificaci\u00f3n\"}]},{\"@type\":\"WebSite\",\"@id\":\"https:\\\/\\\/icon.kiobus.org\\\/social-huma\\\/#website\",\"url\":\"https:\\\/\\\/icon.kiobus.org\\\/social-huma\\\/\",\"name\":\"ICON-EDU 2026 - CONGRESO INTERNACIONAL\",\"description\":\"CONGRESO INTERNACIONAL CIENCIAS SOCIALES, HUMANIDADES Y CONOCIMIENTO\",\"publisher\":{\"@id\":\"https:\\\/\\\/icon.kiobus.org\\\/social-huma\\\/#organization\"},\"potentialAction\":[{\"@type\":\"SearchAction\",\"target\":{\"@type\":\"EntryPoint\",\"urlTemplate\":\"https:\\\/\\\/icon.kiobus.org\\\/social-huma\\\/?s={search_term_string}\"},\"query-input\":{\"@type\":\"PropertyValueSpecification\",\"valueRequired\":true,\"valueName\":\"search_term_string\"}}],\"inLanguage\":\"es\"},{\"@type\":\"Organization\",\"@id\":\"https:\\\/\\\/icon.kiobus.org\\\/social-huma\\\/#organization\",\"name\":\"ICON-EDU 2025 - CONGRESO INTERNACIONAL\",\"url\":\"https:\\\/\\\/icon.kiobus.org\\\/social-huma\\\/\",\"logo\":{\"@type\":\"ImageObject\",\"inLanguage\":\"es\",\"@id\":\"https:\\\/\\\/icon.kiobus.org\\\/social-huma\\\/#\\\/schema\\\/logo\\\/image\\\/\",\"url\":\"https:\\\/\\\/icon.kiobus.org\\\/edu\\\/wp-content\\\/uploads\\\/2024\\\/12\\\/favicon.png\",\"contentUrl\":\"https:\\\/\\\/icon.kiobus.org\\\/edu\\\/wp-content\\\/uploads\\\/2024\\\/12\\\/favicon.png\",\"width\":500,\"height\":500,\"caption\":\"ICON-EDU 2025 - CONGRESO INTERNACIONAL\"},\"image\":{\"@id\":\"https:\\\/\\\/icon.kiobus.org\\\/social-huma\\\/#\\\/schema\\\/logo\\\/image\\\/\"},\"sameAs\":[\"https:\\\/\\\/www.facebook.com\\\/ICON-Congress-100571919228676\",\"https:\\\/\\\/x.com\\\/iconcongress\"]}]}<\/script>\n<!-- \/ Yoast SEO plugin. -->","yoast_head_json":{"title":"Certificaci\u00f3n - ICON social\u00b7huma 2026","robots":{"index":"index","follow":"follow","max-snippet":"max-snippet:-1","max-image-preview":"max-image-preview:large","max-video-preview":"max-video-preview:-1"},"canonical":"https:\/\/icon.kiobus.org\/social-huma\/certificacion\/","og_locale":"es_ES","og_type":"article","og_title":"Certificaci\u00f3n - ICON social\u00b7huma 2026","og_description":"CARACTER\u00cdSTICAS DE LAS CERTIFICACIONES: El t\u00edtulo del Congreso que constar\u00e1 en el certificado es \"5th International Congress: Social Sciences, Humanities and Knowledge\" (ICON-social\u00b7huma 2026). El idioma de los certificados ser\u00e1 espa\u00f1ol, ingl\u00e9s o catal\u00e1n. Se expedir\u00e1 certificado individual a cada coautor\/a. TIPOS DE CERTIFICACIONES: 1. Certificado de asistencia: Se expedir\u00e1 certificaci\u00f3n de asistencia de 30 [&hellip;]","og_url":"https:\/\/icon.kiobus.org\/social-huma\/certificacion\/","og_site_name":"ICON social\u00b7huma 2026","article_publisher":"https:\/\/www.facebook.com\/ICON-Congress-100571919228676","article_modified_time":"2026-03-19T19:08:13+00:00","og_image":[{"width":500,"height":500,"url":"https:\/\/icon.kiobus.org\/social-huma\/wp-content\/uploads\/2025\/10\/icon-edu_26.webp","type":"image\/webp"}],"twitter_card":"summary_large_image","twitter_site":"@iconcongress","twitter_misc":{"Tiempo de lectura":"3 minutos"},"schema":{"@context":"https:\/\/schema.org","@graph":[{"@type":"WebPage","@id":"https:\/\/icon.kiobus.org\/social-huma\/certificacion\/","url":"https:\/\/icon.kiobus.org\/social-huma\/certificacion\/","name":"Certificaci\u00f3n - ICON social\u00b7huma 2026","isPartOf":{"@id":"https:\/\/icon.kiobus.org\/social-huma\/#website"},"datePublished":"2021-11-10T10:07:55+00:00","dateModified":"2026-03-19T19:08:13+00:00","breadcrumb":{"@id":"https:\/\/icon.kiobus.org\/social-huma\/certificacion\/#breadcrumb"},"inLanguage":"es","potentialAction":[{"@type":"ReadAction","target":["https:\/\/icon.kiobus.org\/social-huma\/certificacion\/"]}]},{"@type":"BreadcrumbList","@id":"https:\/\/icon.kiobus.org\/social-huma\/certificacion\/#breadcrumb","itemListElement":[{"@type":"ListItem","position":1,"name":"Portada","item":"https:\/\/icon.kiobus.org\/social-huma\/"},{"@type":"ListItem","position":2,"name":"Certificaci\u00f3n"}]},{"@type":"WebSite","@id":"https:\/\/icon.kiobus.org\/social-huma\/#website","url":"https:\/\/icon.kiobus.org\/social-huma\/","name":"ICON-EDU 2026 - CONGRESO INTERNACIONAL","description":"CONGRESO INTERNACIONAL CIENCIAS SOCIALES, HUMANIDADES Y CONOCIMIENTO","publisher":{"@id":"https:\/\/icon.kiobus.org\/social-huma\/#organization"},"potentialAction":[{"@type":"SearchAction","target":{"@type":"EntryPoint","urlTemplate":"https:\/\/icon.kiobus.org\/social-huma\/?s={search_term_string}"},"query-input":{"@type":"PropertyValueSpecification","valueRequired":true,"valueName":"search_term_string"}}],"inLanguage":"es"},{"@type":"Organization","@id":"https:\/\/icon.kiobus.org\/social-huma\/#organization","name":"ICON-EDU 2025 - CONGRESO INTERNACIONAL","url":"https:\/\/icon.kiobus.org\/social-huma\/","logo":{"@type":"ImageObject","inLanguage":"es","@id":"https:\/\/icon.kiobus.org\/social-huma\/#\/schema\/logo\/image\/","url":"https:\/\/icon.kiobus.org\/edu\/wp-content\/uploads\/2024\/12\/favicon.png","contentUrl":"https:\/\/icon.kiobus.org\/edu\/wp-content\/uploads\/2024\/12\/favicon.png","width":500,"height":500,"caption":"ICON-EDU 2025 - CONGRESO INTERNACIONAL"},"image":{"@id":"https:\/\/icon.kiobus.org\/social-huma\/#\/schema\/logo\/image\/"},"sameAs":["https:\/\/www.facebook.com\/ICON-Congress-100571919228676","https:\/\/x.com\/iconcongress"]}]}},"_links":{"self":[{"href":"https:\/\/icon.kiobus.org\/social-huma\/wp-json\/wp\/v2\/pages\/907","targetHints":{"allow":["GET"]}}],"collection":[{"href":"https:\/\/icon.kiobus.org\/social-huma\/wp-json\/wp\/v2\/pages"}],"about":[{"href":"https:\/\/icon.kiobus.org\/social-huma\/wp-json\/wp\/v2\/types\/page"}],"author":[{"embeddable":true,"href":"https:\/\/icon.kiobus.org\/social-huma\/wp-json\/wp\/v2\/users\/1"}],"replies":[{"embeddable":true,"href":"https:\/\/icon.kiobus.org\/social-huma\/wp-json\/wp\/v2\/comments?post=907"}],"version-history":[{"count":70,"href":"https:\/\/icon.kiobus.org\/social-huma\/wp-json\/wp\/v2\/pages\/907\/revisions"}],"predecessor-version":[{"id":11196,"href":"https:\/\/icon.kiobus.org\/social-huma\/wp-json\/wp\/v2\/pages\/907\/revisions\/11196"}],"wp:attachment":[{"href":"https:\/\/icon.kiobus.org\/social-huma\/wp-json\/wp\/v2\/media?parent=907"}],"curies":[{"name":"wp","href":"https:\/\/api.w.org\/{rel}","templated":true}]}}